. Let o be q(-7). Let u be (-26)/4*(o + -2). Calculate the highest common divisor of u and 13.
13
Suppose -4*l + 3 + 9 = 0. Let k be (-7 + 4)/(l/(-20)). What is the highest common divisor of k and 180?
20
Let w = 0 - -1. Let q(j) = j**3 + 8*j**2. Let n be q(-8). Let c = 4 + n. Calculate the highest common factor of w and c.
1
Let r(y) = y + 9. Let n be r(-4). Let q = n - -22. Calculate the highest common divisor of q and 3.
3
Suppose -2*f - 7 = -47. Calculate the greatest common divisor of f and 110.
10
Let l be 14/35 - (-36)/10. Suppose s + 3*n = 8*n + 5, l*s - 2*n = 74. Calculate the highest common factor of s and 8.
4
Let y = -5 + 10. Let l = 8 + 14. Let a be (-2)/(-11) + 40/l. Calculate the highest common factor of y and a.
1
Suppose -4*n = -2*y + 218, 4*n - 129 = -y + 2*n. What is the greatest common divisor of 17 and y?
17
Suppose l - 3 = -0*t - t, t - 24 = -4*l. Calculate the greatest common factor of l and 14.
7
Suppose 2*a + 321 = 5*a. Let z = 187 - a. Suppose 4 = 2*l, -8*u - 5*l = -3*u - 170. Calculate the highest common factor of u and z.
16
Suppose 7*r - 20 = 2*r. Calculate the highest common divisor of 26 and r.
2
Let m(s) = 8*s**2 + 4*s - 1. Let y be m(4). Let r = -8 + 11. Suppose 2*h - 7 = o + 17, 3*h - 33 = r*o. Calculate the greatest common factor of y and h.
13
Let c be 114/21 + -6 - (-638)/14. Calculate the greatest common factor of c and 54.
9
Let h be 20/35 - 1524/(-28). Calculate the highest common divisor of h and 11.
11
Suppose 4*p - 43 = -11. Calculate the highest common factor of 12 and p.
4
Suppose 8*w + 5*u = 4*w + 28, 4*u + 16 = 0. Suppose -30*a = 389 - 929. What is the highest common factor of w and a?
6
Suppose 36 = 2*o - 0*o. Calculate the greatest common divisor of o and 27.
9
Suppose h + s = -3*s + 13, -2*h - 5*s = -20. Let k(c) = -h + 4*c + 2*c**2 - 4 + 3. Let m be k(7). What is the highest common divisor of 15 and m?
15
Let a(p) = -p**3 + 5*p**2 - 3*p - 1. Suppose -2*c - 6 = -4*y, 3 + 0 = -y + 2*c. Let z be a(y). Calculate the highest common factor of z and 32.
8
Let z be 836/6 + 14/21. What is the highest common divisor of z and 14?
14
Let n be 80/14*(-7)/(-2). Calculate the greatest common divisor of n and 8.
4
Suppose -31*k + 21*k + 70 = 0. Suppose 37 = o - 26. Calculate the greatest common divisor of k and o.
7
Let i be 16 - (24/3 - 5). Suppose 5*o - 504 = -4*a, 2*o - 3*a + 300 = 5*o. Calculate the highest common divisor of o and i.
13
Let j = 70 - -10. Let x be 2/(-8) - 387/(-12). What is the greatest common factor of x and j?
16
Suppose 3*k = -2*k + 20. Suppose -3*s + 3*y = -0*y - 84, k*s = -4*y + 88. Calculate the greatest common factor of s and 25.
25
Suppose -66 = 5*f + 24. Let c be (-4)/f - (-168)/(-27). Let u = c - -10. What is the greatest common factor of u and 36?
4
Suppose -9 = -2*n - 3*x, 0 = -5*n - 0*x - 3*x + 27. Suppose -n*y + 80 = -y. Calculate the highest common factor of y and 32.
16
Let b = 40 - 1. Let c = 61 - b. What is the highest common factor of c and 11?
11
Suppose 0 = -5*v + 206 + 14. What is the greatest common divisor of 110 and v?
22
Suppose -5*x - 3 - 22 = 0. Let d = 19 + x. Let f(v) = 7*v**2 - 3*v - 3. Let h be f(-1). Calculate the highest common divisor of d and h.
7
Let l be (-4)/8*-1*352. What is the greatest common factor of 16 and l?
16
Suppose -80*r = -84*r + 288. Suppose -32 = -6*p + 2*p. Calculate the greatest common factor of r and p.
8
Suppose 5*c - 3*a = 20, 3*c = -a - 2*a + 12. Calculate the greatest common factor of c and 1.
1
Suppose 2*q - 10 = -0*q. Let c(a) = a - 5. Let v be c(q). Suppose -d = -v*d - 4. What is the highest common divisor of d and 4?
4
Let t(o) = -o**3 - 8*o**2 + o + 6. Let g be t(-8). Let w be 3/4 + g/(-8). Let p be (-1 - -5)/(1 + w). What is the greatest common divisor of p and 10?
2
Suppose -4*t + 3*x = 4*x - 289, 68 = t - 4*x. What is the greatest common divisor of 8 and t?
8
Let p(f) = 23*f + 10. Let s be p(5). What is the greatest common divisor of 50 and s?
25
Suppose -3*a + 74 = -31. Let u = 0 + 8. Let t be (-2)/u + 29/4. What is the greatest common divisor of a and t?
7
Suppose -4*v - 16 = 0, 2*y - y + 4*v = -8. Suppose 2*r + u - 186 = -4*u, 268 = 3*r + 2*u. What is the greatest common divisor of r and y?
8
Let s = 13 + -11. Suppose -4*z - 3*j + 37 = -17, -49 = -3*z + s*j. Suppose 0*d = 5*d - 50. Calculate the highest common factor of d and z.
5
Suppose 3*q - 8 = -q. Suppose -3*j = 4 + q. Let x(d) = 5*d**2 + 3*d. Let s be x(j). Calculate the highest common divisor of 35 and s.
7
Let b(r) = -r - 11. Let t be b(-5). Let n = t - -7. Let p(c) = 4*c**2 - 2*c - 1. Let j be p(-1). What is the highest common factor of j and n?
1
Let v = 40 + -12. Calculate the greatest common divisor of v and 56.
28
Let t be (-3)/15 - 1172/(-10). Let u(v) = v. Let x be u(2). Suppose 28 - x = 2*f. What is the greatest common factor of t and f?
13
Suppose -5*c - i - 2694 = -0*i, 3*c = 3*i - 1602. Let y = c + 848. Calculate the greatest common factor of y and 31.
31
Suppose 2*g = 99 + 21. Let j = -34 + g. Calculate the highest common factor of j and 39.
13
Let d be -1 + 12/4 + (-8)/(-2). Calculate the highest common divisor of 24 and d.
6
Let q = -9 + 14. Suppose -t = -q*f + 14, 22 = 3*t - f + 2*f. What is the highest common factor of t and 9?
3
Let u(w) = w**3 - 7*w**2 - 6*w - 8. Let s be u(8). What is the greatest common factor of 48 and s?
8
Suppose 9 = u + 3*h, 0 = 2*u + h - 2*h - 11. Let w = 9 - u. Suppose 2*q + v = 31, w*q + 2*v = -2*v + 49. Calculate the highest common divisor of q and 15.
15
Suppose -3 = k + 3*j, 5*j - 8*j = 3*k - 21. Calculate the highest common divisor of 12 and k.
12
Let k = 2 + -1. Let b = k - -1. What is the greatest common factor of 3 and b?
1
Suppose 5*b = -0*b + 255. Calculate the greatest common divisor of 34 and b.
17
Suppose 5*b + 10 = 30. Suppose w + b*p = -w - 14, 4*w = 5*p + 24. Calculate the highest common factor of 7 and w.
1
Suppose -5*l - 8 = 3*i + 7, -5*i - 25 = -5*l. Let t(p) = -p**2 - p + 2. Let z be t(l). Calculate the highest common factor of 18 and z.
2
Let c(n) = n**2 - 2*n + 1. Let f be c(4). Let r = -11 + 20. What is the greatest common factor of f and r?
9
Suppose 0 = 4*c - 1 - 59. Suppose -2*u - y + c = 0, 8*u + 5*y - 40 = 3*u. Calculate the highest common divisor of u and 28.
7
Let o(u) = -u**3 + 9*u**2 + 8*u + 10. Let s be o(10). Let r = s + 18. What is the highest common factor of r and 20?
4
Let r = 137 - -217. Suppose -4*u + 2*u + r = 5*q, -q - u = -69. Suppose -q = -4*w - 16. Calculate the greatest common divisor of w and 28.
14
Let l = -795 + 192. Let z be l/(-12) - (-1)/(-4). What is the greatest common factor of 10 and z?
10
Let r(d) = 28*d**2 - 2*d + 4. Let k(f) = f**2 - f + 1. Let g(z) = -3*k(z) + r(z). Let o be g(-2). Calculate the highest common divisor of o and 11.
11
Let s be 4/(-12) - (-7)/3. Let z(m) = m - 2. Let o be z(s). Suppose -5*p = -o*p - 35. Calculate the highest common factor of p and 7.
7
Let h be 5*((3 - 4) + -9). Let m = 75 + h. Calculate the greatest common divisor of 10 and m.
5
Let t = 5 + 4. Suppose 5*u + 53 = 8. Let o be u*(2 - (-6)/(-2)). Calculate the greatest common divisor of o and t.
9
Suppose -69 = -r + 4*j + 10, 5*j = -5*r + 295. What is the greatest common factor of r and 9?
9
Suppose 11 = 5*z - 4. Suppose 0 = 5*p - 15, 3*j - 38 = 5*p - 8. Calculate the greatest common divisor of j and z.
3
Let f(q) = -6*q + 2. Let n be f(-2). Calculate the highest common divisor of 56 and n.
14
Suppose 0*v - v + 3 = 0. Suppose v*d = 2*d. Suppose 3*o = 3*a - 0*a - 18, d = 5*a - 2*o - 33. Calculate the highest common factor of a and 28.
7
Let r(f) = 13*f**2. Let z = 1 + 0. Let q be r(z). Calculate the highest common divisor of q and 13.
13
Suppose -w = -3*w + 8. Suppose w*i = 10 + 14. Let f be (2/5)/(2 - (-209)/(-105)). Calculate the greatest common factor of i and f.
6
Suppose -2*w + 0 = -2. Let p = -3 - -12. Let b(f) = -f + 16. Let y be b(p). What is the greatest common divisor of y and w?
1
Let s(d) = -d**2 + 4*d + 5. Let w be s(4). Suppose -4*x + 9*x = -4*k + 72, w*x = 5*k - 45. Calculate the highest common factor of k and 91.
13
Let v = -15 - -23. Suppose 0 = x - 2*x + 8. Calculate the greatest common factor of v and x.
8
Let p(f) = -f**3 + 8*f**2 + 5*f. Let x be p(4). What 